n 4058 is divided by 116.
114
What is the remainder when 235 is divided by 59?
58
Calculate the remainder when 172 is divided by 20.
12
Calculate the remainder when 74519 is divided by 92.
91
What is the remainder when 90 is divided by 33?
24
Calculate the remainder when 2290 is divided by 47.
34
What is the remainder when 509 is divided by 15?
14
What is the remainder when 88 is divided by 6?
4
Calculate the remainder when 301 is divided by 111.
79
What is the remainder when 111 is divided by 27?
3
Calculate the remainder when 330 is divided by 109.
3
Calculate the remainder when 191 is divided by 11.
4
Calculate the remainder when 58 is divided by 5.
3
What is the remainder when 496 is divided by 244?
8
Calculate the remainder when 909 is divided by 114.
111
Calculate the remainder when 477 is divided by 14.
1
What is the remainder when 472 is divided by 155?
7
Calculate the remainder when 12924 is divided by 77.
65
What is the remainder when 2954 is divided by 124?
102
Calculate the remainder when 111 is divided by 58.
53
What is the remainder when 1716 is divided by 3?
0
Calculate the remainder when 263 is divided by 94.
75
Calculate the remainder when 492 is divided by 71.
66
Calculate the remainder when 111 is divided by 33.
12
Calculate the remainder when 170 is divided by 41.
6
What is the remainder when 26599 is divided by 152?
151
What is the remainder when 281 is divided by 97?
87
Calculate the remainder when 99 is divided by 15.
9
Calculate the remainder when 247 is divided by 25.
22
What is the remainder when 474 is divided by 28?
26
What is the remainder when 29 is divided by 29?
0
What is the remainder when 9805 is divided by 30?
25
Calculate the remainder when 2001 is divided by 340.
301
Calculate the remainder when 7697 is divided by 35.
32
What is the remainder when 66 is divided by 9?
3
Calculate the remainder when 824 is divided by 40.
24
What is the remainder when 64 is divided by 45?
19
What is the remainder when 35 is divided by 21?
14
What is the remainder when 1388 is divided by 233?
223
What is the remainder when 408 is divided by 135?
3
Calculate the remainder when 397 is divided by 57.
55
What is the remainder when 273 is divided by 144?
129
What is the remainder when 141 is divided by 8?
5
What is the remainder when 81 is divided by 32?
17
What is the remainder when 1190 is divided by 10?
0
Calculate the remainder when 564 is divided by 8.
4
What is the remainder when 14726 is divided by 28?
26
Calculate the remainder when 1270 is divided by 317.
2
What is the remainder when 907 is divided by 24?
19
What is the remainder when 430 is divided by 18?
16
Calculate the remainder when 389 is divided by 10.
9
What is the remainder when 600 is divided by 43?
41
Calculate the remainder when 223 is divided by 45.
43
Calculate the remainder when 2139 is divided by 271.
242
Calculate the remainder when 67 is divided by 20.
7
Calculate the remainder when 675 is divided by 62.
55
What is the remainder when 501 is divided by 12?
9
Calculate the remainder when 1493 is divided by 292.
33
What is the remainder when 599 is divided by 36?
23
What is the remainder when 412 is divided by 33?
16
What is the remainder when 784 is divided by 253?
25
Calculate the remainder when 474 is divided by 147.
33
Calculate the remainder when 144 is divided by 64.
16
Calculate the remainder when 498 is divided by 25.
23
Calculate the remainder when 36 is divided by 25.
11
What is the remainder when 867 is divided by 253?
108
Calculate the remainder when 1697 is divided by 21.
17
What is the remainder when 2124 is divided by 25?
24
Calculate the remainder when 129 is divided by 26.
25
What is the remainder when 193 is divided by 41?
29
What is the remainder when 74 is divided by 26?
22
What is the remainder when 29396 is divided by 28?
24
Calculate the remainder when 19949 is divided by 70.
69
What is the remainder when 460 is divided by 41?
9
Calculate the remainder when 474 is divided by 56.
26
What is the remainder when 36 is divided by 28?
8
Calculate the remainder when 353 is divided by 71.
69
Calculate the remainder when 168 is divided by 34.
32
Calculate the remainder when 15306 is divided by 27.
24
Calculate the remainder when 264 is divided by 71.
51
What is the remainder when 1464 is divided by 244?
0
What is the remainder when 951 is divided by 87?
81
What is the remainder when 515 is divided by 52?
47
What is the remainder when 111 is divided by 52?
7
What is the remainder when 243 is divided by 150?
93
Calculate the remainder when 166 is divided by 107.
59
Calculate the remainder when 252 is divided by 5.
2
Calculate the remainder when 5450 is divided by 1360.
10
What is the remainder when 793 is divided by 50?
43
What is the remainder when 173 is divided by 58?
57
Calculate the remainder when 70 is divided by 18.
16
What is the remainder when 48 is divided by 22?
4
Calculate the remainder when 2128 is divided by 79.
74
Calculate the remainder when 274 is divided by 69.
67
Calculate the remainder when 1937 is divided by 97.
94
What is the remainder when 164 is divided by 137?
27
What is the remainder when 1385 is divided by 33?
32
Calculate the remainder when 397 is divided by 21.
19
Calculate the remainder when 67 is divided by 25.
17
What is the remainder when 106 is divided by 40?
26
Calculate the remainder when 316 is divided by 12.
4
Calculate the remainder when 1149 is divided by 12.
9
Calculate the remainder when 133 is divided by 53.
27
What is the remainder when 1802 is divided by 23?
8
What is the remainder when 1113 is divided by 88?
57
What is the remainder when 19590 is divided by 62?
60
Calculate the remainder when 3422 is divided by 17.
5
Calculate the remainder when 111 is divided by 82.
29
Calculate the remainder when 5765 is divided by 14.
11
What is the remainder when 16 is divided by 8?
0
What is the remainder when 1108 is divided by 183?
10
What is the remainder when 2033 is divided by 339?
338
What is the remainder when 395 is divided by 100?
95
Calculate the remainder when 440 is divided by 26.
24
What is the remainder when 3853 is divided by 35?
3
Calculate the remainder when 305 is divided by 65.
45
What is the remainder when 409 is divided by 42?
31
Calculate the remainder when 334 is divided by 28.
26
Calculate the remainder when 6043 is divided by 336.
331
Calculate the remainder when 685 is divided by 100.
85
What is the remainder when 69 is divided by 49?
20
Calculate the remainder when 1300 is divided by 33.
13
What is the remainder when 531 is divided by 67?
62
Calculate the remainder when 494 is divided by 3.
2
Calculate the remainder when 134 is divided by 113.
21
Calculate the remainder when 21 is divided by 17.
4
What is the remainder when 972 is divided by 105?
27
What is the remainder when 1124 is divided by 49?
46
What is the remainder when 202 is divided by 51?
49
What is the remainder when 891 is divided by 91?
72
What is the remainder when 142 is divided by 70?
2
Calculate the remainder when 1378 is divided by 69.
67
Calculate the remainder when 201 is divided by 176.
25
Calculate the remainder when 172 is divided by 157.
15
What is the remainder when 129 is divided by 38?
15
Calculate the remainder when 158 is divided by 69.
20
What is the remainder when 4769 is divided by 106?
105
Calculate the remainder when 2351 is divided by 131.
124
Calculate the remainder when 31 is divided by 4.
3
What is the remainder when 1344 is divided by 15?
9
Calculate the remainder when 95 is divided by 82.
13
Calculate the remainder when 44 is divided by 7.
2
What is the remainder when 641 is divided by 162?
155
What is the remainder when 470 is divided by 81?
65
Calculate the remainder when 2037 is divided by 40.
37
Calculate the remainder when 2240 is divided by 204.
200
What is the remainder when 49 is divided by 22?
5
What is the remainder when 31357 is divided by 140?
137
What is the remainder when 1159 is divided by 97?
92
Calculate the remainder when 626 is divided by 158.
152
Calculate the remainder when 12161 is divided by 6.
5
Calculate the remainder when 4559 is divided by 95.
94
What is the remainder when 51 is divided by 16?
3
What is the remainder when 58 is divided by 21?
16
What is the remainde